-9*t. Let w(a) = a - 1. Let l be w(-5). Is 9 a factor of o(l)?
True
Let l = 6 - -10. Suppose -3*u + q = l, -7 - 3 = 5*q. Does 23 divide u/10*(-117 - -2)?
True
Suppose 14*u - 11*u = 69. Does 18 divide u?
False
Let c = 1672 + -1152. Is c a multiple of 22?
False
Let b = -123 - -259. Is b a multiple of 7?
False
Let t be -3*(0 + 9/(-3)). Suppose 67 = t*p - 5. Is p a multiple of 8?
True
Is ((-9)/(-45))/(6/52770) a multiple of 72?
False
Suppose 0 = 20*s - 24*s + 268. Suppose -31 = 3*d - s. Is 12 a factor of d?
True
Suppose 0 = 5*m - 115 - 5. Suppose -m = -0*t + 4*t. Is 17 a factor of (t/2 - 14)/(-1)?
True
Suppose -2*t - 146 = -5*y, -10 = -6*t + t. Suppose 3*d = -0*o + 3*o - 18, 5*o - 3*d - y = 0. Suppose -c = -4*w + 3*w - o, 4*w - 18 = -3*c. Is c a multiple of 3?
True
Let b be (-4)/(-14) + 171/63. Is 10 a factor of 135/6 + b - (-12)/8?
False
Let n(y) = -2*y**3 - 28*y**2 + 19*y - 24. Is n(-15) a multiple of 47?
True
Let l(q) = -25*q**2 + q - 18. Let t be l(5). Is (27/15)/(-3) - t/5 a multiple of 19?
False
Suppose 0*f - 15 = -3*f. Suppose -4*m = -x + 37, -f*x + 132 = -3*m + 15. Does 6 divide x + (-2)/4*0?
False
Let g be (-2)/11 - 114/(-22). Suppose 4*m - 82 = g*w + 107, 60 = m + 3*w. Is 17 a factor of m?
True
Suppose -3*o - 530 = -4*o. Let v be (-18)/(-27) - o/(-6). Let b = v + -59. Does 22 divide b?
False
Let i(l) = -3*l + 11. Let q be i(3). Suppose -62 = -4*b + 5*r, -q*r - 2 = -r. Is 13 a factor of b?
True
Suppose 5*r = 3*g, -4*r + 0*r + 32 = 4*g. Suppose 2*j - 3 = -g*a, -3*a - 20 = a. Is j a multiple of 3?
False
Does 30 divide ((-4)/5)/(33/(-17325))?
True
Let z(i) = i**2 - 3*i + 2. Let f be z(3). Suppose f*k - 7*k = -120. Does 19 divide (k/15)/(6/135)?
False
Let a(q) be the first derivative of 181*q**2/2 + q + 7. Let x be a(1). Suppose -4*c = 2*m - x, 0 = 4*c + m - 0*m - 187. Is 12 a factor of c?
True
Let l = -270 - -618. Is 2 a factor of l?
True
Let p(y) = y - 1. Let i be p(2). Does 14 divide -1*i + (40 - -17)?
True
Let b = -1 + -7. Let i = b + 4. Does 14 divide 2 - -38*i/(-8)?
False
Let s(o) = 2*o**2 - 3*o - 4. Let g be s(3). Suppose g*y = 3*y. Suppose -2*b + 57 - 17 = y. Is b a multiple of 9?
False
Let o(l) = 7*l + 33. Let k(f) = -1. Let n(a) = -2*k(a) - o(a). Let m be n(-13). Suppose -u + 3*u - m = 0. Is 5 a factor of u?
True
Let y(w) = 3*w**2 - w - 10 - 2*w - 4*w**2 - 4*w. Let n be y(-4). Suppose 0*b + 2*b - 26 = -5*g, -5*b - n*g = -65. Is 13 a factor of b?
True
Let p(m) be the second derivative of m**3/6 + m**2/2 - 5*m. Let d be p(11). Is 195/d - (-1)/(-4) a multiple of 16?
True
Suppose -76*v + 101075 = -11*v. Does 8 divide v?
False
Is 35/(-10)*((-4938)/21 + 6) a multiple of 19?
False
Let b(u) = -5*u - 6*u**3 + 5*u**3 - 2*u**2 + 7*u + 25. Is 3 a factor of b(0)?
False
Let z(q) = 11*q**2 - 32*q + 92. Does 21 divide z(8)?
False
Let d(i) = -i**3 + 8*i**2 - 10*i + 9. Suppose b - 9 = -o - 3, 0 = -4*b. Suppose 6 = 2*c - o. Does 21 divide d(c)?
True
Suppose 0 = -4*r + r - 9, -5*s - 3*r + 3281 = 0. Is 94 a factor of s?
True
Let z(j) = 5*j + j**3 + 6*j**2 - 4*j - 4 + 2*j. Let v be z(-4). Suppose -r - b = -12, 4*b = r + b - v. Is 5 a factor of r?
False
Suppose -t - 117 = -5*f, -3*t + 0*f = -f + 337. Is 7 a factor of (t/(-40))/((-1)/(-10))?
True
Suppose 223 + 33 = 4*z. Let b = z + 82. Does 40 divide b?
False
Is 0/(-15) - (-750)/3 a multiple of 14?
False
Let d = -17 + 22. Suppose 15 = 2*u - 3*j - 38, d*u = 5*j + 135. Is 14 a factor of u?
True
Suppose 2*d - 15 = -5*a, 3*d + a - 18 = -2*a. Suppose -4*s + d*l + 33 = 0, 3*s - 16 = l + 17. Is s a multiple of 4?
True
Let i(g) = 3*g + 42*g - 3*g + 9*g. Let n be i(2). Let v = n - 66. Does 12 divide v?
True
Suppose 0 = -5*f + 210 + 310. Suppose 0 = -6*x + 19*x - f. Does 8 divide x?
True
Suppose 4*c = 265 - 29. Let n = -52 + 84. Let z = c - n. Is z a multiple of 9?
True
Let t(f) = 4*f. Let p be t(-6). Let h = 204 + p. Suppose 2*k + h = 6*k. Is 15 a factor of k?
True
Let b = 887 - 249. Is 54 a factor of b?
False
Let o(y) = -4*y**3 + 27 + y + 56 + y**2 + 5*y**3. Let m be o(0). Suppose 2*h + 77 + 25 = 5*g, 4*g - 3*h - m = 0. Is g a multiple of 5?
True
Let x(i) = -17*i**2 - 5. Let f(o) = -o**2 + 1. Let q(n) = -4*f(n) - x(n). Let v be q(-1). Let h = -13 + v. Does 9 divide h?
True
Let f(x) = -x**2 + 9*x + 12. Let u be f(10). Suppose 2*i - 3 = 5*d, -u*d + 0*d - 3 = -i. Let r(q) = q**3 - 8*q**2 - 8*q - 2. Is 7 a factor of r(i)?
True
Suppose 0 = 2*v + 2*z + 1 + 3, -3*v + 10 = -5*z. Suppose v = -x + 112 + 50. Does 27 divide x?
True
Suppose 0 = -9*z - 128 + 821. Is 5 a factor of z?
False
Suppose -2*f + f = -575. Suppose 7*b + f = 12*b. Suppose -b = -3*s + 95. Is s a multiple of 13?
False
Suppose 7*k = 2*k + 25. Suppose 0 = k*s - 13*s + 760. Is 19 a factor of s?
True
Let r be ((-12)/(-9))/(-4)*-6. Suppose r*u + 5 = 109. Is u a multiple of 12?
False
Suppose -882 = -178*b + 171*b. Is b a multiple of 6?
True
Suppose 2*j = j - 15. Let x = 18 + j. Suppose x*s - 44 = 40. Is 27 a factor of s?
False
Suppose -7*a + 4*c = -5*a - 80, 3*c + 39 = a. Is 3 a factor of a?
True
Let c be (-3 + 7)*(-12)/2. Let i = -9 - c. Is 5 a factor of i?
True
Let x = -606 + 984. Does 3 divide x?
True
Let s = -213 + 377. Let i = s - 71. Is i a multiple of 31?
True
Let t(n) = 20 - 7*n + 9*n - 24*n - 15*n. Is t(-4) a multiple of 14?
True
Does 13 divide 331/(-3)*-3 - -5?
False
Suppose 1105 + 4535 = 12*v. Is 47 a factor of v?
True
Suppose 5 = 12*c - 7*c. Suppose -z + 3 = c. Suppose -4*p = b - 25, z*p - 79 = -2*b + 1. Is 11 a factor of b?
False
Let g = -676 - -1339. Is 3 a factor of g?
True
Suppose -782 + 2926 = 16*j. Is 11 a factor of j?
False
Let x be 163/(-2)*(5 - (8 + 3)). Suppose -124 + x = 5*h. Does 17 divide h?
False
Let d = 3 - 11. Let u = 83 - -1. Does 8 divide (-2)/4 - u/d?
False
Suppose 5232*i - 5239*i = -14798. Is 104 a factor of i?
False
Suppose -4*s + 9 = -d + 1, -s + 2 = -2*d. Let z(b) = -14*b**3 + 6 + 10*b**3 + 3*b**3 + s*b - 2*b**2 + 5*b**2. Is z(3) a multiple of 3?
True
Let h(c) = -2*c**3 - 8*c**2 - 22*c - 67. Is h(-6) even?
False
Let h = 99 + -94. Let k(o) = -3*o**2 - o + 2. Let y(z) = z**2 + 1. Let r(m) = -k(m) - 2*y(m). Is r(h) a multiple of 26?
True
Suppose -2*a - 5 - 5 = -3*f, 0 = -3*f - 3*a. Suppose 3*o = f*o + 3. Suppose s - 112 = -o*s. Is 19 a factor of s?
False
Suppose 2547 = 2*p + 5*o, -8*p - 4*o - 1306 = -9*p. Is 14 a factor of p?
False
Let u(r) = r**3 + 17*r**2 - 18*r - 9. Does 9 divide u(-17)?
True
Let k = 484 + -80. Is 60 a factor of k?
False
Suppose -5*t + 228 = t. Is 7 a factor of t?
False
Let j be 6 - (-1 + 3)/(-2). Suppose 0 = 3*i - j*i + 4. Is 13 a factor of 43 + -1 + i + 0?
False
Suppose 0 = 3*m + 3*f - 1038, -4*m + 671 = -4*f - 753. Is 6 a factor of m?
False
Is 1*(-396)/(10/(-5)) a multiple of 11?
True
Let c = 720 + -202. Is 26 a factor of c?
False
Let x(u) = -u**2 + 6*u - 8. Let c be x(9). Let d = c - -80. Is 18 a factor of d?
False
Let j(c) = -9*c - 19. Let b be (11/(-4))/((-12)/(-48)). Is 8 a factor of j(b)?
True
Suppose 0 = 5*n + 6 - 21. Suppose -n*c = -6 - 48. Let o = c - -10. Is 14 a factor of o?
True
Suppose 18*w - 7*w = 0. Let i = 126 - w. Does 18 divide i?
True
Let k(h) = -h**3 - 18*h**2 + 2*h - 1. Let i be k(-18). Let u = -102 + 171. Let f = u + i. Does 10 divide f?
False
Is (10/(-45) - (-52)/(-90))*-90 a multiple of 12?
True
Suppose 5*c - 210 = -5*g, 0 = -4*c - 0*c + 2*g + 192. Does 23 divide c?
True
Suppose -5*q + 2*p - 3 = 24, 0 = 5*p - 5. Let b(g) = -g**2 - 6*g + 7. Is 7 a factor of b(q)?
False
Let p(r) be the second derivative of r**5/20 - 11*r**4/12 + 11*r**3/6 + r**2/2 - 6*r. Is 3 a factor of p(10)?
False
Does 91 divide (-62)/((-7 + 2288/328)/1)?
False
Suppose 5*k - p = -1, -12 = p + 2*p. Let c(h) = -823*h**2 + 1 + 430*h**2 + 438*h**2 + h. Does 15 divide c(k)?
True
Suppose 5*z - 4962 + 1267 = 0. Does 38 divide z?
False
Suppose 6*d - 4*w - 4971 = 3*d, 5*d = -w + 8285. Does 17 divide d?
False
Suppose -2*u - 5*d + 50 = 0, 3*u - 3*d + 2*d = 41. Let t = u + -3. Is t a multiple of 4?
True
Suppose 0 = l - 2*l + 5. Suppose -3*y - l*a + 74 = 0, -3*y + 48 = -3*a - 42. Does 10 divide y?
False
Let l = 904 + -375. Does 23 divide l?
True
Let u = 422 + 178. Is u a multiple of 20?
True
Suppose 35*i = 42*i - 1708. Is 24 a factor of i?
False
Suppose -25 = p - 29. Does 14 divide p + -2 + -2 + 56?
True
Let s = -73 + 325. Is 